{"id":7,"date":"2016-04-08T14:14:32","date_gmt":"2016-04-08T14:14:32","guid":{"rendered":"http:\/\/www.mutante.com.br\/?page_id=7"},"modified":"2019-12-23T17:43:52","modified_gmt":"2019-12-23T17:43:52","slug":"audiovisual","status":"publish","type":"page","link":"http:\/\/www.mutante.com.br\/index.php\/audiovisual\/","title":{"rendered":"Audiovisual"},"content":{"rendered":"<p><strong>\u00a0SHOWS<\/strong><\/p>\n<p>Captar apresenta\u00e7\u00f5es ao vivo \u00e9 sempre um desafio. Reproduzir a emo\u00e7\u00e3o, a intimidade do p\u00fablico com o artista \u00e9 o que faz o espectador se transportar para dentro da tela, como se estivesse l\u00e1.<\/p>\n<p><span class=\"video-thumb yt-thumb yt-thumb-196\"><span class=\"yt-thumb-default\"><span class=\"yt-thumb-clip\"><a class=\"yt-uix-sessionlink watched\" href=\"https:\/\/www.youtube.com\/watch?v=-Pl1Rh0U8vE&amp;list=PLT8FXa2GZ6eycMscCPtiZObsMI1pnLuaZ&amp;index=2\" data-sessionlink=\"ei=4dNKV-OqMNCewQS6monwAQ&amp;feature=c4-overview-vl&amp;ved=CLoCEMAbIhMIo5_AvJj_zAIVUE-QCh06TQIeKJsc\"><img decoding=\"async\" src=\"https:\/\/i.ytimg.com\/vi\/-Pl1Rh0U8vE\/hqdefault.jpg?custom=true&amp;w=196&amp;h=110&amp;stc=true&amp;jpg444=true&amp;jpgq=90&amp;sp=68&amp;sigh=_AMQ_p1xyR-C5nVZBpVPk7ULPCY\" alt=\"\" width=\"196\" \/>\u00a0<\/a><span class=\"video-thumb yt-thumb yt-thumb-196\"><span class=\"yt-thumb-default\"><span class=\"yt-thumb-clip\"><a class=\"yt-uix-sessionlink watched\" href=\"https:\/\/www.youtube.com\/watch?v=p6HuJoMNzKY\" data-sessionlink=\"ei=4dNKV-OqMNCewQS6monwAQ&amp;feature=c4-overview-vl&amp;ved=CL4CEMAbIhMIo5_AvJj_zAIVUE-QCh06TQIeKJsc\"><img decoding=\"async\" src=\"https:\/\/i.ytimg.com\/vi\/p6HuJoMNzKY\/hqdefault.jpg?custom=true&amp;w=196&amp;h=110&amp;stc=true&amp;jpg444=true&amp;jpgq=90&amp;sp=68&amp;sigh=Qf_n9JpIAL8_8yGBitnT8-wY66w\" alt=\"\" width=\"196\" \/><\/a>\u00a0<\/span><\/span><\/span><\/span><\/span><\/span><span class=\"video-thumb yt-thumb yt-thumb-196\"><span class=\"yt-thumb-default\"><span class=\"yt-thumb-clip\"><a class=\"yt-uix-sessionlink\" href=\"https:\/\/www.youtube.com\/watch?v=v3AlivnA5aQ\" data-sessionlink=\"ei=4dNKV-OqMNCewQS6monwAQ&amp;feature=c4-overview-vl&amp;ved=CMICEMAbIhMIo5_AvJj_zAIVUE-QCh06TQIeKJsc\"><img decoding=\"async\" src=\"https:\/\/i.ytimg.com\/vi\/v3AlivnA5aQ\/hqdefault.jpg?custom=true&amp;w=196&amp;h=110&amp;stc=true&amp;jpg444=true&amp;jpgq=90&amp;sp=68&amp;sigh=SQhaMSczzcyCjTILQMRjlqg6nTk\" alt=\"\" width=\"196\" \/><\/a>\u00a0<\/span><\/span><\/span><span class=\"video-thumb yt-thumb yt-thumb-196\"><span class=\"yt-thumb-default\"><span class=\"yt-thumb-clip\"><a class=\"yt-uix-sessionlink watched\" href=\"https:\/\/www.youtube.com\/watch?v=I7TvIbkhJbU\" data-sessionlink=\"ei=4dNKV-OqMNCewQS6monwAQ&amp;feature=c4-overview-vl&amp;ved=CNYCEMAbIhMIo5_AvJj_zAIVUE-QCh06TQIeKJsc\"><img decoding=\"async\" src=\"https:\/\/i.ytimg.com\/vi\/I7TvIbkhJbU\/hqdefault.jpg?custom=true&amp;w=196&amp;h=110&amp;stc=true&amp;jpg444=true&amp;jpgq=90&amp;sp=68&amp;sigh=ZCbKJUZza_s2kzM2uYCfow8weV8\" alt=\"\" width=\"196\" \/><\/a><\/span><\/span><\/span><\/p>\n<p><strong>VIDEO-CLIPES<\/strong><a class=\"yt-uix-sessionlink watched\" href=\"https:\/\/www.youtube.com\/watch?v=I7TvIbkhJbU\" data-sessionlink=\"ei=4dNKV-OqMNCewQS6monwAQ&amp;feature=c4-overview-vl&amp;ved=CNYCEMAbIhMIo5_AvJj_zAIVUE-QCh06TQIeKJsc\"><br \/>\n<\/a><a class=\"yt-uix-sessionlink watched\" href=\"https:\/\/www.youtube.com\/watch?v=p8xmfe1JSrw\" data-sessionlink=\"ei=aNpKV4vFEMiSwATqu5SYCw&amp;feature=c4-overview-vl&amp;ved=CMoBEMAbIhMIi5mG2Z7_zAIVSAmQCh3qHQWzKJsc\"><br \/>\n<img decoding=\"async\" src=\"https:\/\/i.ytimg.com\/vi\/p8xmfe1JSrw\/hqdefault.jpg?custom=true&amp;w=320&amp;h=180&amp;stc=true&amp;jpg444=true&amp;jpgq=90&amp;sp=68&amp;sigh=OUkTFRaXf90E8A1MJm2GfuVXr84\" alt=\"\" width=\"196\" \/><\/a>\u00a0<span class=\"video-thumb yt-thumb yt-thumb-196\"><span class=\"yt-thumb-default\"><span class=\"yt-thumb-clip\"><a class=\"yt-uix-sessionlink watched\" href=\"https:\/\/www.youtube.com\/watch?v=Iw37YSlVGF0\" data-sessionlink=\"ei=aNpKV4vFEMiSwATqu5SYCw&amp;feature=c4-overview-vl&amp;ved=CM4BEMAbIhMIi5mG2Z7_zAIVSAmQCh3qHQWzKJsc\"><img decoding=\"async\" src=\"https:\/\/i.ytimg.com\/vi\/Iw37YSlVGF0\/hqdefault.jpg?custom=true&amp;w=320&amp;h=180&amp;stc=true&amp;jpg444=true&amp;jpgq=90&amp;sp=68&amp;sigh=iDqZmZK-GY2XgPlPK8wSxc7JzIo\" alt=\"\" width=\"196\" \/><\/a>\u00a0<\/span><\/span><\/span><span class=\"video-thumb yt-thumb yt-thumb-196\"><span class=\"yt-thumb-default\"><span class=\"yt-thumb-clip\"><a class=\"yt-uix-sessionlink watched\" href=\"https:\/\/www.youtube.com\/watch?v=HfmtklnLeBs\" data-sessionlink=\"ei=aNpKV4vFEMiSwATqu5SYCw&amp;feature=c4-overview-vl&amp;ved=CNYBEMAbIhMIi5mG2Z7_zAIVSAmQCh3qHQWzKJsc\"><img decoding=\"async\" src=\"https:\/\/i.ytimg.com\/vi\/HfmtklnLeBs\/hqdefault.jpg?custom=true&amp;w=320&amp;h=180&amp;stc=true&amp;jpg444=true&amp;jpgq=90&amp;sp=68&amp;sigh=w4DFiz5OgWgQyjo_qYJXtwWajQE\" alt=\"\" width=\"196\" \/><\/a>\u00a0<a href=\"https:\/\/youtu.be\/oTTzbwrNRoY\"><img loading=\"lazy\" decoding=\"async\" class=\"alignnone  wp-image-251\" src=\"http:\/\/www.mutante.com.br\/wp-content\/uploads\/2016\/04\/choice-thumbz.png\" alt=\"\" width=\"195\" height=\"147\" srcset=\"http:\/\/www.mutante.com.br\/wp-content\/uploads\/2016\/04\/choice-thumbz.png 480w, http:\/\/www.mutante.com.br\/wp-content\/uploads\/2016\/04\/choice-thumbz-300x225.png 300w\" sizes=\"auto, (max-width: 195px) 100vw, 195px\" \/><\/a><\/span><\/span><\/span><\/p>\n<p><strong>DVD<\/strong><\/p>\n<p>A Mutante Discos disponibiliza em seu catalogo t\u00edtulos com produ\u00e7\u00e3o pr\u00f3pria, desde a capta\u00e7\u00e3o do \u00e1udio e video, edi\u00e7\u00e3o, finaliza\u00e7\u00e3o, fabrica\u00e7\u00e3o e distribui\u00e7\u00e3o.<\/p>\n<p><span class=\" spf-link ux-thumb-wrap contains-addto\"><span class=\"video-thumb yt-thumb yt-thumb-196\"><span class=\"yt-thumb-default\"><span class=\"yt-thumb-clip\"><a class=\"yt-uix-sessionlink watched\" href=\"https:\/\/www.youtube.com\/watch?v=StDNcchRfGU\" data-sessionlink=\"ei=mtdKV6fDFYbqwgTo1ZrwDA&amp;feature=c4-videos-u&amp;ved=CDYQwBsiEwin-NuCnP_MAhUGtZAKHeiqBs4omxw\"><img decoding=\"async\" src=\"https:\/\/i.ytimg.com\/vi\/StDNcchRfGU\/hqdefault.jpg?custom=true&amp;w=320&amp;h=180&amp;stc=true&amp;jpg444=true&amp;jpgq=90&amp;sp=68&amp;sigh=NzFNGcV12YJyCbw8WclplmXlVOk\" alt=\"\" width=\"196\" \/><\/a>\u00a0<\/span><\/span><\/span><\/span><span class=\"video-thumb yt-thumb yt-thumb-196\"><span class=\"yt-thumb-default\"><span class=\"yt-thumb-clip\"><a class=\"yt-uix-sessionlink watched\" href=\"https:\/\/www.youtube.com\/watch?v=MK3mSo8gtyc\" data-sessionlink=\"ei=mtdKV6fDFYbqwgTo1ZrwDA&amp;feature=c4-videos-u&amp;ved=CDgQwBsiEwin-NuCnP_MAhUGtZAKHeiqBs4omxw\"><img decoding=\"async\" src=\"https:\/\/i.ytimg.com\/vi\/MK3mSo8gtyc\/hqdefault.jpg?custom=true&amp;w=320&amp;h=180&amp;stc=true&amp;jpg444=true&amp;jpgq=90&amp;sp=68&amp;sigh=lS0MPuZUgP3k7sdVSN6ph1FOuIk\" alt=\"\" width=\"196\" \/><\/a>\u00a0<a href=\"https:\/\/youtu.be\/uG1LZEYedcw\"><img loading=\"lazy\" decoding=\"async\" class=\"alignnone wp-image-240\" src=\"http:\/\/www.mutante.com.br\/wp-content\/uploads\/2016\/04\/thumbs-izma-dvd.png\" alt=\"\" width=\"196\" height=\"147\" srcset=\"http:\/\/www.mutante.com.br\/wp-content\/uploads\/2016\/04\/thumbs-izma-dvd.png 480w, http:\/\/www.mutante.com.br\/wp-content\/uploads\/2016\/04\/thumbs-izma-dvd-300x225.png 300w\" sizes=\"auto, (max-width: 196px) 100vw, 196px\" \/><\/a><\/span><\/span><\/span>\u00a0<a class=\"yt-uix-sessionlink watched\" href=\"https:\/\/www.youtube.com\/watch?v=U8d6zPDmh4A\" data-sessionlink=\"ei=mGhMV5KZJJKSwQSOorGACQ&amp;feature=c4-videos-u&amp;ved=CBgQwBsiEwiSxYm4moLNAhUSSZAKHQ5RDJA\"><img decoding=\"async\" src=\"https:\/\/i.ytimg.com\/vi\/U8d6zPDmh4A\/hqdefault.jpg?custom=true&amp;w=196&amp;h=110&amp;stc=true&amp;jpg444=true&amp;jpgq=90&amp;sp=68&amp;sigh=67m2Uxx7Pa3-vUH7Vl4-40ieVDg\" alt=\"\" width=\"196\" \/><\/a><\/p>\n<p><strong>VIDEOS INSTITUCIONAIS<\/strong><\/p>\n<div class=\"yt-lockup-thumbnail watched contains-addto\">\n<div class=\"watched-badge\">\n<div class=\"yt-thumb video-thumb\">\n<p><span class=\"yt-thumb-simple\"><span class=\"yt-thumb-simple\"><a href=\"https:\/\/vimeo.com\/224787374\"><img loading=\"lazy\" decoding=\"async\" src=\"https:\/\/i.ytimg.com\/vi\/f02oUYfGxXI\/hqdefault.jpg?custom=true&amp;w=320&amp;h=180&amp;stc=true&amp;jpg444=true&amp;jpgq=90&amp;sp=68&amp;sigh=TP638H1kY1KdCkhbHiofuS16RH0\" alt=\"\" width=\"196\" height=\"110\" \/>\u00a0<img loading=\"lazy\" decoding=\"async\" class=\"alignnone wp-image-226\" src=\"http:\/\/www.mutante.com.br\/wp-content\/uploads\/2016\/04\/thumbs-duelo.png\" alt=\"\" width=\"196\" height=\"147\" srcset=\"http:\/\/www.mutante.com.br\/wp-content\/uploads\/2016\/04\/thumbs-duelo.png 480w, http:\/\/www.mutante.com.br\/wp-content\/uploads\/2016\/04\/thumbs-duelo-300x225.png 300w\" sizes=\"auto, (max-width: 196px) 100vw, 196px\" \/><\/a><span class=\"video-thumb yt-thumb yt-thumb-196\"><span class=\"yt-thumb-default\"><span class=\"yt-thumb-clip\">\u00a0<\/span><\/span><\/span><\/span><\/span><a class=\"yt-uix-sessionlink watched\" href=\"https:\/\/www.youtube.com\/watch?v=IjUcyTW3SBk\" data-sessionlink=\"ei=bOFKV5vxK4X3wgS_y7SADg&amp;feature=c4-videos-u&amp;ved=CBcQwBsiEwib19Sxpf_MAhWFu5AKHb8lDeA\"><img loading=\"lazy\" decoding=\"async\" class=\"alignnone\" src=\"https:\/\/i.ytimg.com\/vi\/IjUcyTW3SBk\/hqdefault.jpg?custom=true&amp;w=320&amp;h=180&amp;stc=true&amp;jpg444=true&amp;jpgq=90&amp;sp=68&amp;sigh=PG0ce4wuAXsM4GppZdJ_zbnZMNg\" alt=\"CircoVoador &quot;Bar\u00e3o Vermelho&quot;\" width=\"196\" height=\"180\" \/><\/a>\u00a0<a href=\"https:\/\/vimeo.com\/305159691\"><img loading=\"lazy\" decoding=\"async\" class=\"alignnone wp-image-235\" src=\"http:\/\/www.mutante.com.br\/wp-content\/uploads\/2016\/04\/thumbs-tenis-rj.png\" alt=\"\" width=\"197\" height=\"148\" srcset=\"http:\/\/www.mutante.com.br\/wp-content\/uploads\/2016\/04\/thumbs-tenis-rj.png 480w, http:\/\/www.mutante.com.br\/wp-content\/uploads\/2016\/04\/thumbs-tenis-rj-300x225.png 300w\" sizes=\"auto, (max-width: 197px) 100vw, 197px\" \/><\/a><\/p>\n<\/div>\n<\/div>\n<\/div>\n<p><strong>DOCUMENT\u00c1RIOS<\/strong><\/p>\n<p><img decoding=\"async\" src=\"https:\/\/i.ytimg.com\/vi\/GJ-s9TWdG90\/hqdefault.jpg?custom=true&amp;w=320&amp;h=180&amp;stc=true&amp;jpg444=true&amp;jpgq=90&amp;sp=68&amp;sigh=w03HIk84FG5B8hhv007UibaU_JI\" alt=\"\" width=\"196\" \/>\u00a0<a href=\"https:\/\/vimeo.com\/192880537\"><img loading=\"lazy\" decoding=\"async\" class=\"alignnone wp-image-237\" src=\"http:\/\/www.mutante.com.br\/wp-content\/uploads\/2016\/04\/thumbs-entre-lugares.png\" alt=\"\" width=\"196\" height=\"147\" srcset=\"http:\/\/www.mutante.com.br\/wp-content\/uploads\/2016\/04\/thumbs-entre-lugares.png 480w, http:\/\/www.mutante.com.br\/wp-content\/uploads\/2016\/04\/thumbs-entre-lugares-300x225.png 300w\" sizes=\"auto, (max-width: 196px) 100vw, 196px\" \/><\/a><span class=\"video-thumb yt-thumb yt-thumb-196\"><span class=\"yt-thumb-default\"><span class=\"yt-thumb-clip\">\u00a0<a href=\"http:\/\/www.lalegalizacion.com.br\/\"><img loading=\"lazy\" decoding=\"async\" class=\"alignnone wp-image-228\" src=\"http:\/\/www.mutante.com.br\/wp-content\/uploads\/2016\/04\/thumbs-laleg.png\" alt=\"\" width=\"196\" height=\"147\" srcset=\"http:\/\/www.mutante.com.br\/wp-content\/uploads\/2016\/04\/thumbs-laleg.png 480w, http:\/\/www.mutante.com.br\/wp-content\/uploads\/2016\/04\/thumbs-laleg-300x225.png 300w\" sizes=\"auto, (max-width: 196px) 100vw, 196px\" \/><\/a>\u00a0<a href=\"https:\/\/vimeo.com\/193353632\"><img loading=\"lazy\" decoding=\"async\" class=\"alignnone wp-image-230\" src=\"http:\/\/www.mutante.com.br\/wp-content\/uploads\/2016\/04\/thumbs-benet.png\" alt=\"\" width=\"197\" height=\"148\" srcset=\"http:\/\/www.mutante.com.br\/wp-content\/uploads\/2016\/04\/thumbs-benet.png 480w, http:\/\/www.mutante.com.br\/wp-content\/uploads\/2016\/04\/thumbs-benet-300x225.png 300w\" sizes=\"auto, (max-width: 197px) 100vw, 197px\" \/><\/a><\/span><\/span><\/span><span class=\"video-thumb yt-thumb yt-thumb-196\"><span class=\"yt-thumb-default\"><span class=\"yt-thumb-clip\"><br \/>\n<\/span><\/span><\/span><\/p>\n<p><strong>REALIDADE VIRTUAL<\/strong><\/p>\n<div class=\"video-container\"><iframe loading=\"lazy\" src=\"https:\/\/www.vieweet.com\/iframe\/FEZMNBR?ui=iframe\" width=\"196\" height=\"110\" frameborder=\"0\" marginwidth=\"0\" marginheight=\"0\" scrolling=\"no\" allowfullscreen=\"allowfullscreen\"><\/iframe><br \/>\n<a href=\"https:\/\/youtu.be\/t41COYcTEWI\"><img loading=\"lazy\" decoding=\"async\" class=\"alignnone size-column4-3\/5 wp-image-89\" src=\"http:\/\/www.mutante.com.br\/wp-content\/uploads\/2016\/04\/guto-panorama-240x144.jpg\" alt=\"guto panorama\" width=\"196\" height=\"110\" srcset=\"http:\/\/www.mutante.com.br\/wp-content\/uploads\/2016\/04\/guto-panorama-300x167.jpg 300w, http:\/\/www.mutante.com.br\/wp-content\/uploads\/2016\/04\/guto-panorama-768x427.jpg 768w, http:\/\/www.mutante.com.br\/wp-content\/uploads\/2016\/04\/guto-panorama.jpg 960w\" sizes=\"auto, (max-width: 196px) 100vw, 196px\" \/><br \/>\n<\/a><\/div>\n<div class=\"video-container\"><\/div>\n<p><strong>YOUTUBE<\/strong><\/p>\n<p>Visite nossa <a href=\"https:\/\/www.youtube.com\/channel\/UCo9A65U99hOfX90NnqFnyOA?spfreload=10\">p\u00e1gina<\/a> e conhe\u00e7a nosso material!!!<\/p>\n","protected":false},"excerpt":{"rendered":"<p>\u00a0SHOWS Captar apresenta\u00e7\u00f5es ao vivo \u00e9 sempre um desafio. Reproduzir a emo\u00e7\u00e3o, a intimidade do p\u00fablico com o artista \u00e9 o que faz o espectador se transportar para dentro da tela, como se estivesse l\u00e1. \u00a0\u00a0\u00a0 VIDEO-CLIPES \u00a0\u00a0\u00a0 DVD A Mutante Discos disponibiliza em seu catalogo t\u00edtulos com produ\u00e7\u00e3o pr\u00f3pria, desde a capta\u00e7\u00e3o do \u00e1udio [&hellip;]<\/p>\n","protected":false},"author":1,"featured_media":0,"parent":0,"menu_order":0,"comment_status":"closed","ping_status":"closed","template":"","meta":{"footnotes":""},"class_list":["post-7","page","type-page","status-publish","hentry"],"_links":{"self":[{"href":"http:\/\/www.mutante.com.br\/index.php\/wp-json\/wp\/v2\/pages\/7","targetHints":{"allow":["GET"]}}],"collection":[{"href":"http:\/\/www.mutante.com.br\/index.php\/wp-json\/wp\/v2\/pages"}],"about":[{"href":"http:\/\/www.mutante.com.br\/index.php\/wp-json\/wp\/v2\/types\/page"}],"author":[{"embeddable":true,"href":"http:\/\/www.mutante.com.br\/index.php\/wp-json\/wp\/v2\/users\/1"}],"replies":[{"embeddable":true,"href":"http:\/\/www.mutante.com.br\/index.php\/wp-json\/wp\/v2\/comments?post=7"}],"version-history":[{"count":69,"href":"http:\/\/www.mutante.com.br\/index.php\/wp-json\/wp\/v2\/pages\/7\/revisions"}],"predecessor-version":[{"id":252,"href":"http:\/\/www.mutante.com.br\/index.php\/wp-json\/wp\/v2\/pages\/7\/revisions\/252"}],"wp:attachment":[{"href":"http:\/\/www.mutante.com.br\/index.php\/wp-json\/wp\/v2\/media?parent=7"}],"curies":[{"name":"wp","href":"https:\/\/api.w.org\/{rel}","templated":true}]}}